{"id":1265,"date":"2012-02-15T16:01:55","date_gmt":"2012-02-15T16:01:55","guid":{"rendered":"http:\/\/www.nytonlist.net\/?page_id=1265"},"modified":"2014-11-13T01:17:50","modified_gmt":"2014-11-13T01:17:50","slug":"um-vefinn","status":"publish","type":"page","link":"https:\/\/www.nytonlist.net\/?page_id=1265","title":{"rendered":"Um vefinn"},"content":{"rendered":"<p><a href=\"http:\/\/www.nytonlist.net\/wp-content\/uploads\/2012\/02\/logosvart.png\" rel=\"gallery_group\"><img loading=\"lazy\" decoding=\"async\" class=\"alignleft size-full wp-image-6043\" src=\"http:\/\/www.nytonlist.net\/wp-content\/uploads\/2012\/02\/logosvart.png\" alt=\"logosvart\" width=\"500\" height=\"216\" srcset=\"https:\/\/www.nytonlist.net\/wp-content\/uploads\/2012\/02\/logosvart.png 500w, https:\/\/www.nytonlist.net\/wp-content\/uploads\/2012\/02\/logosvart-300x129.png 300w\" sizes=\"(max-width: 500px) 100vw, 500px\" \/><\/a>N\u00fd T\u00f3nlist er vefs\u00ed\u00f0a \u00fear sem f\u00f3lk getur hlusta\u00f0 og lesi\u00f0 allt um n\u00fdja t\u00f3nlist um lei\u00f0 og h\u00fan kemur \u00fat. Einnig erum vi\u00f0 a\u00f0 vinna \u00ed \u00fev\u00ed a\u00f0 efla almennan fr\u00e9ttaflutning um t\u00f3nlist og \u00fdmsa t\u00f3nlistarvi\u00f0bur\u00f0i. \u00dea\u00f0 sem hefur veri\u00f0 einna mest vins\u00e6last \u00e1 s\u00ed\u00f0unni er flokkurinn \u00cdslenskt og efnilegt \u00fear sem ungir t\u00f3nlistarmenn geta sent okkur\u00a0 s\u00edna t\u00f3nlist og \u00ed framhaldi h\u00f6fum vi\u00f0 birt hana \u00e1 s\u00ed\u00f0unni okkar og \u00feannig hj\u00e1lpa\u00f0 \u00feeim a\u00f0 koma henni \u00e1 framf\u00e6ri.<\/p>\n<p>S\u00ed\u00f0an opna\u00f0i formlega \u00feann 23. September 2011 en hugmyndin var b\u00fain a\u00f0 vera \u00ed b\u00edger\u00f0 \u00ed nokkra m\u00e1nu\u00f0i \u00e1 undan. \u00cd lok \u00e1g\u00fast h\u00f3fumst vi\u00f0 svo handa vi\u00f0 ger\u00f0 vefsins. Hugmyndin a\u00f0 vefs\u00ed\u00f0unni kom \u00fat fr\u00e1 \u00fev\u00ed a\u00f0 n\u00fd t\u00f3nlist kemur ekki \u00ed spilun \u00ed \u00edslensku \u00fatvarpi, fr\u00e1 nokkrum vikum allt upp\u00ed nokkra m\u00e1nu\u00f0i fr\u00e1 a\u00f0 h\u00fan kemur \u00fat. Vi\u00f0 vorum komnir me\u00f0 lei\u00f0 \u00e1 a\u00f0 heyra s\u00f6mu g\u00f6mlu l\u00f6gin spilu\u00f0 aftur og aftur \u00ed \u00fatvarpi og kynnt sem n\u00fd. \u00cd byrjun voru innlitin \u00e1 s\u00ed\u00f0una \u00f6rf\u00e1 og bjuggumst vi\u00f0 ekki vi\u00f0 en a\u00f0rir en n\u00e1nustu vinir okkar mundu sko\u00f0a s\u00ed\u00f0una, en \u00fea\u00f0 hefur svo sannarlega breyst til muna og eru innlitin n\u00fa um\u00a0 80.000 talsins \u00e1 viku.<\/p>\n<p>\u00cd fyrra st\u00f3\u00f0um vi\u00f0 fyrir s\u00f6ngkeppni a\u00f0 nafninu S\u00f6ngfuglinn sem haldin var \u00e1 s\u00ed\u00f0unni og \u00fear g\u00e1tu ungir t\u00f3nlistarmenn \u00e1 aldrinum 12-18 \u00e1ra sent inn uppt\u00f6ku af s\u00e9r syngja, og voru vi\u00f0t\u00f6kurnar framar okkar bj\u00f6rtustu vonum. Me\u00f0al vinninga \u00ed keppninni var uppt\u00f6kut\u00edmi a\u00f0 eigin vali \u00ed alv\u00f6ru hlj\u00f3\u00f0veri , Studio Sound en \u00feeir komu m.a. ungstyrninu Kristmundi Axel \u00e1 framf\u00e6ri, sem og Daniel Alvin svo lengi m\u00e6tti telja.<\/p>\n<p>Vi\u00f0 erum me\u00f0 \u00fea\u00f0 markmi\u00f0 a\u00f0 vera alltaf fyrstir me\u00f0 n\u00fdja t\u00f3nlist og \u00f6flugan fr\u00e9ttaflutning um \u00fea\u00f0 sem er a\u00f0 gerast \u00ed heimi t\u00f3nlistarinnar hverju sinni. Og stu\u00f0lum vi\u00f0 a\u00f0 \u00fev\u00ed a\u00f0 f\u00e6ra lesendum okkar markvissan og traustan fr\u00e9ttaflutning.<\/p>\n<p>Ef \u00fe\u00fa vilt koma \u00feinni t\u00f3nlist \u00e1 framf\u00e6ri e\u00f0a veist um einhvern, endilega ekki hika vi\u00f0 a\u00f0 senda okkur t\u00f6lvup\u00f3st \u00e1 nytonlist@nytonlist.net<\/p>\n<div><div style=\"padding-top:10px;margin-bottom:10px;font-size:10pt;font-family:arial;font-weight:bold;\"><\/div><div class=simplesocial><a href=\"http:\/\/twitter.com\/share\" data-url=\"https:\/\/www.nytonlist.net\/?page_id=1265\" data-text=\"Um+vefinn\" class=\"twitter-share-button\" data-count=\"horizontal\">Tweet<\/a><script type=\"text\/javascript\" src=\"http:\/\/platform.twitter.com\/widgets.js\"><\/script><\/div><div class=simplesocial><iframe src=\"http:\/\/www.facebook.com\/plugins\/like.php?href=https%3A%2F%2Fwww.nytonlist.net%2F%3Fpage_id%3D1265&layout=standard&show_faces=false&width=450&action=like&colorscheme=light&height=35\" scrolling=\"no\" frameborder=\"0\" style=\"border:none; overflow:hidden; width:450px; height:25px;\" allowTransparency=\"true\"><\/iframe><\/div><div style=\"clear:both\"><\/div><a class=simplesocial onclick=\"return simplesocial(this,500,400)\" title=\"Share on Facebook\" style=\"background:url(http:\/\/www.nytonlist.net\/wp-content\/plugins\/simple-social-sharing-widgets-icons\/icons_32\/facebook.png)\" href=\"http:\/\/www.facebook.com\/share.php?u=https%3A%2F%2Fwww.nytonlist.net%2F%3Fpage_id%3D1265&t=Um+vefinn\"><\/a><a class=simplesocial onclick=\"return simplesocial(this,435,500)\" title=\"Email a Friend\" style=\"background:url(http:\/\/www.nytonlist.net\/wp-content\/plugins\/simple-social-sharing-widgets-icons\/icons_32\/email.png)\" href=\"http:\/\/www.freetellafriend.com\/tell\/?heading=Share+This+Article&bg=1&option=email&url=https%3A%2F%2Fwww.nytonlist.net%2F%3Fpage_id%3D1265\"><\/a><a class=simplesocial onclick=\"return simplesocial(this,750,500)\" title=\"Share on Google\" style=\"background:url(http:\/\/www.nytonlist.net\/wp-content\/plugins\/simple-social-sharing-widgets-icons\/icons_32\/google.png)\" href=\"http:\/\/www.google.com\/bookmarks\/mark?op=add&bkmk=https%3A%2F%2Fwww.nytonlist.net%2F%3Fpage_id%3D1265&title=Um+vefinn\"><\/a><\/div><div style=\"clear:both;margin-bottom:20px\"><\/div>","protected":false},"excerpt":{"rendered":"<p>N\u00fd T\u00f3nlist er vefs\u00ed\u00f0a \u00fear sem f\u00f3lk getur hlusta\u00f0 og lesi\u00f0 allt um n\u00fdja t\u00f3nlist um lei\u00f0 og h\u00fan kemur \u00fat. Einnig erum vi\u00f0 a\u00f0 vinna \u00ed \u00fev\u00ed a\u00f0 efla almennan fr\u00e9ttaflutning um t\u00f3nlist og \u00fdmsa t\u00f3nlistarvi\u00f0bur\u00f0i. \u00dea\u00f0 sem hefur veri\u00f0 einna mest vins\u00e6last \u00e1 s\u00ed\u00f0unni er flokkurinn \u00cdslenskt og efnilegt \u00fear sem ungir t\u00f3nlistarmenn geta sent okkur\u00a0 s\u00edna t\u00f3nlist&#8230;<\/p>\n","protected":false},"author":3,"featured_media":1313,"parent":0,"menu_order":0,"comment_status":"closed","ping_status":"open","template":"","meta":{"footnotes":"","_links_to":"","_links_to_target":""},"_links":{"self":[{"href":"https:\/\/www.nytonlist.net\/index.php?rest_route=\/wp\/v2\/pages\/1265"}],"collection":[{"href":"https:\/\/www.nytonlist.net\/index.php?rest_route=\/wp\/v2\/pages"}],"about":[{"href":"https:\/\/www.nytonlist.net\/index.php?rest_route=\/wp\/v2\/types\/page"}],"author":[{"embeddable":true,"href":"https:\/\/www.nytonlist.net\/index.php?rest_route=\/wp\/v2\/users\/3"}],"replies":[{"embeddable":true,"href":"https:\/\/www.nytonlist.net\/index.php?rest_route=%2Fwp%2Fv2%2Fcomments&post=1265"}],"version-history":[{"count":22,"href":"https:\/\/www.nytonlist.net\/index.php?rest_route=\/wp\/v2\/pages\/1265\/revisions"}],"predecessor-version":[{"id":6044,"href":"https:\/\/www.nytonlist.net\/index.php?rest_route=\/wp\/v2\/pages\/1265\/revisions\/6044"}],"wp:featuredmedia":[{"embeddable":true,"href":"https:\/\/www.nytonlist.net\/index.php?rest_route=\/wp\/v2\/media\/1313"}],"wp:attachment":[{"href":"https:\/\/www.nytonlist.net\/index.php?rest_route=%2Fwp%2Fv2%2Fmedia&parent=1265"}],"curies":[{"name":"wp","href":"https:\/\/api.w.org\/{rel}","templated":true}]}}